e remainder when 14 is divided by l?
4
Let w be 2/(2 - (-1)/(-1)). Let s(m) = m**2 + 2*m + 1. Calculate the remainder when s(-2) is divided by w/(-6) + (-8)/(-6).
0
What is the remainder when (-6)/4*450/(-27) is divided by 7?
4
Suppose 0 = i + s - 8, 4*i - 32 = 5*s - s. Suppose 3*r + 2 = i. Suppose 4*f + 2*y = 0, -4*y = 2*f + 7 + 5. Calculate the remainder when r is divided by f.
0
Suppose 2*g = 1 + 3. Let q be 1 - (-50 + 6/g). Suppose -2*a + q = 2*w, 2*a + 0*a = 5*w + 13. Calculate the remainder when 56 is divided by a.
18
Let z(v) = -v**3 + 8*v**2 + 8*v + 10. Calculate the remainder when z(8) is divided by 15.
14
Suppose -2*g - 71 = -5*p, 7*p - 8*p + 7 = 2*g. What is the remainder when 112 is divided by p?
8
Suppose -21*i + 750 = -11*i. What is the remainder when i is divided by 27?
21
Suppose -19*u = -14*u. Suppose -3*c - 4*o + 154 = u, 11 = 5*o - 9. Calculate the remainder when c is divided by 12.
10
Let c(a) = -3*a - 3. What is the remainder when (-928)/24*(-6)/4 is divided by c(-6)?
13
Let z = -3 + 32. What is the remainder when 54 is divided by z?
25
Let f(b) = 2*b**3 - 11*b**2 + 9*b + 8. Let r(d) = -d**3 + d**2 - 1. Let p(h) = f(h) + r(h). What is the remainder when p(9) is divided by 4?
3
Let k(x) = 6*x + 52. Calculate the remainder when 155 is divided by k(0).
51
What is the remainder when (5 - 8)*(-40)/3 is divided by 14?
12
Suppose 2*y - 72 = -2*y. What is the remainder when 51 is divided by y?
15
Let q = 28 - 4. Let c be (-1)/(-2)*-6*1. Let b = c - -16. Calculate the remainder when q is divided by b.
11
Let g(p) = -p**2 - 9*p - 5. Let m be g(-5). Suppose -5*i + m = -2*q, -4*i - 6 = 2*q - 0*i. Let c = 9 + q. What is the remainder when c is divided by 3?
1
Suppose 4*a - 45 - 139 = 0. What is the remainder when a is divided by 16?
14
Let n(b) = -2*b + 19. Let w = -34 - -49. Suppose 0 = 5*s - w - 10. What is the remainder when n(5) is divided by s?
4
Let r(l) = -5*l**3 - 2*l**2 - 2*l - 1. Let i be r(-1). Suppose -2*f = i, -2*t + 2*f + f = 22. Let u = t + 24. Calculate the remainder when 18 is divided by u.
8
Let u(z) = z**2 + 10*z + 5. Let t be u(-8). Let m = t + 16. Suppose m*p + l - 5*l - 30 = 0, -3*l - 13 = p. Calculate the remainder when 5 is divided by p.
1
Suppose -17 = 5*u - 5*a - 72, -8 = -4*a. What is the remainder when 128 is divided by u?
11
Let u = 9 - -23. Let c = -5 - 2. Calculate the remainder when u is divided by 22 + (c - -4) + -2.
15
Let f = 46 + -38. Calculate the remainder when 94 is divided by f.
6
Suppose c - 6 - 4 = 0. Calculate the remainder when c is divided by 4.
2
Let r(h) = 7*h + 89. What is the remainder when r(8) is divided by 37?
34
Let w be 24/30 - (-622)/10. Let b = 143 - w. What is the remainder when b is divided by 27?
26
Let f be (24/(-28))/(1/7). What is the remainder when 53 - (1 - f/(-3)) is divided by 14?
12
Suppose 4*o = 4*u - 5*u + 426, -u = 2*o - 212. Suppose -5*z + 73 = -2*z - 2*y, -4*y = 5*z - o. Calculate the remainder when 67 is divided by z.
21
Let p(t) = t**3 - 7*t**2 - 6*t + 6. Let k(v) = 2*v**2 - 9*v + 7. Calculate the remainder when k(7) is divided by p(8).
20
Let t(y) = -2*y**2 + 13*y - 9. What is the remainder when 29 is divided by t(5)?
5
Let a(t) = -t**3 + 7*t**2 - t + 10. Let o be a(7). Suppose o*j = 5*q + 20, 2*j = q - 8 + 33. What is the remainder when 44 is divided by j?
14
Suppose 13*p - 8*p - 95 = 0. Calculate the remainder when p is divided by 5.
4
Suppose 0 = -6*a + 28 + 14. What is the remainder when 46 is divided by a?
4
Calculate the remainder when (0 - -2)*(13 + 3) is divided by 12.
8
Let j(u) = u - 3. Suppose 3*l = 14 + 7. Let y be j(l). Suppose c + 2*k - 42 = 0, y*c - 85 - 95 = 4*k. Calculate the remainder when c is divided by 23.
21
Suppose -5*b = -48 + 3. What is the remainder when 17 is divided by b?
8
Suppose 5*s = j - 31, j - 20 = 3*s + 11. What is the remainder when 4*(-2)/(32/(-364)) is divided by j?
29
Let h(j) = -j**3 - 6*j**2 - 5*j - 4. Let i be h(-5). Let r(a) = 5*a**2 - 2. What is the remainder when r(-3) is divided by (i/3)/((-12)/198)?
21
Suppose -a = -4 + 1. Suppose 4*g + 5*m + 13 = 0, 2*g - 20 - 1 = a*m. Suppose -g*h = -8 + 2. Calculate the remainder when 3 is divided by h.
1
Let u = 83 + 35. Calculate the remainder when u is divided by 11.
8
Suppose 2*c = -3*x - 80, 3*x - c = 2*c - 60. Calculate the remainder when 18 is divided by x/(-2 + -1) + -3.
3
Suppose -5*n = -0*n - 170. Let x = 58 - n. What is the remainder when x is divided by 13?
11
Let x = 103 + -279. Let i = x + 246. What is the remainder when i is divided by 24?
22
Suppose r - 3*r = -88. What is the remainder when r is divided by 24?
20
Suppose 0 = -45*k + 48*k - 72. Suppose 85 = 5*y - 9*p + 4*p, -y - 3 = 4*p. What is the remainder when k is divided by y?
11
Let h(n) = -n**3 + 6*n**2 + 8*n + 6. What is the remainder when h(6) is divided by 5?
4
Let r = 42 + -15. Let s = r + -18. Calculate the remainder when s is divided by -2 + -14*(-2)/4.
4
Let x(n) = -n**3 - 8*n**2 - 2*n - 5. Calculate the remainder when x(-8) is divided by 3.
2
Let g(n) = -n**3 - 6*n**2 - 5*n + 2. Let q be g(-5). Suppose -q*k = -0*k - 78. What is the remainder when k is divided by 10?
9
Suppose 2*b = -z + 23, 0 = 4*b + z + 4*z - 37. Suppose 0*q = -2*q + 72. What is the remainder when q is divided by b?
10
Let t(s) = -s**3 + 12*s**2 - 5. Let o be t(12). What is the remainder when 15 is divided by (-30)/2*2/o?
3
Let n(s) = 9 + 12*s**2 + 2*s**3 - 6*s - 7*s - s**3. Calculate the remainder when 43 is divided by n(-13).
7
Suppose -3*r - l = 2*l - 99, 2*r = -4*l + 58. Calculate the remainder when r is divided by 13.
11
Let s = 7 - 13. Let m = s + -20. Calculate the remainder when 21 is divided by (-4)/8 - m/4.
3
Let x be -2 + (-108)/(-7 + 3). Suppose -4*i + 14 = v, 3*i = -4*v + x + 5. What is the remainder when 16 is divided by v?
4
Let u = -21 - -55. What is the remainder when u is divided by 9?
7
Suppose 0 = 2*m + 2*m - 100. Calculate the remainder when m is divided by 7.
4
Suppose 2*g + 7 = 5. What is the remainder when -4*g/((-2)/(-13)) is divided by 14?
12
Suppose -2*s - c = -73, -5*s + 2*s = 4*c - 102. Let j = 28 - 15. Calculate the remainder when s is divided by j.
12
Let l be (-4 + 3)/((-1)/(-8)). Let n(x) = -x**2 - 8*x + 5. What is the remainder when 7 is divided by n(l)?
2
Let r(l) = -l**2 + 25. What is the remainder when r(0) is divided by 14 - 4/(-16)*-4?
12
Let z(h) = -h**2 - 5*h + 2. Let y be z(-5). Let x(w) = -7 - 2*w + 2*w**2 - w**y + 6 + 2*w**2. What is the remainder when 19 is divided by x(2)?
5
Calculate the remainder when 4*21/12*5 is divided by 19.
16
Suppose 3*h - 9 = 3. Suppose -h*w = -8*w + 56. What is the remainder when 2*-1*(-54)/4 is divided by w?
13
Suppose -5*g = 3*l - 186, -4*l + 89 = 2*g + 9. Calculate the remainder when 70 is divided by g.
34
Suppose 16*p - 19*p + 186 = 0. Calculate the remainder when p is divided by 22.
18
Let k = -11 + 16. Suppose t + 19 = x + 2*t, -k*x = 3*t - 99. What is the remainder when x is divided by 11?
10
Let s(w) = w**2 + 2*w + 2. Let n be s(-3). Suppose -24 + 8 = 4*b. Let d = b + n. Calculate the remainder when d is divided by 1.
0
Suppose 0*z = 3*z - 3. Suppose -z - 30 = -j. Calculate the remainder when j is divided by 16.
15
Suppose -2*f - 2*n = -2, -3*f - 3*n - 17 = -4*f. Let q = f - 3. Suppose 5*g - 4 = 3*g. What is the remainder when q is divided by g?
0
Let u be (-3 + 0)*(-2 - -1). Suppose -u*a - 9 = -129. What is the remainder when a is divided by 14?
12
Let p = -35 + 64. Let x(z) = 2*z**2 - 3*z + 1. What is the remainder when p is divided by x(3)?
9
Let f be (2/(-4))/((-3)/30). Suppose 208 = f*w - 12. Suppose -5*i + 45 = 4*h - 14, 0 = 3*i - 4*h - 61. What is the remainder when w is divided by i?
14
Let y be (8/(-12))/((-4)/354). Suppose m + o + 4*o = 23, m = 4*o + y. Suppose 0 = 4*q - 8, -3*c + q + m = -72. Calculate the remainder when c is divided by 20.
19
Suppose 4*u + 122 = 6*u. What is the remainder when u is divided by ((-16)/10)/(1/(-10))?
13
Let g = 109 + -66. Let i = -53 - -85. Suppose -5*f = -43 - i. What is the remainder when g is divided by f?
13
Suppose -5*g = -6*g + 5. Suppose -8*h + g*h = -15. Calculate the remainder when 9 is divided by h.
4
Suppose 0 = 48*k - 50*k + 500. What is the remainder when k is divided by 42?
40
Suppose -54 = 